Let k(x) = -6*f(x) + 7*y(x). Calculate k(v).
-16
Let b(c) be the third derivative of 8*c**2 - 1/2*c**3 - 1/12*c**5 + 1/120*c**6 - 1/4*c**4 + 0 + 0*c. Let u be b(6). Let f(x) = 6*x. Calculate f(u).
-18
Let k(c) = c**2 - 8*c + 6. Let a(g) = -3*g**2 + 19*g - 23. Let t(p) = 8*p**2 - 58*p + 69. Let y(j) = 17*a(j) + 6*t(j). Let d be y(-9). What is k(d)?
-9
Suppose -u + 18 = 2*y, -2*y = -4*u + 16 + 16. Let c(s) = 2*s + 18. Calculate c(u).
38
Suppose 36 = -25*r + 61. Let d(t) = -14*t**2. Calculate d(r).
-14
Let d(f) be the third derivative of -f**6/60 + f**5/60 + f**4/4 + 5*f**3/6 - 2*f**2 - 143. Determine d(-2).
13
Let w(j) be the second derivative of -j**4/6 - j**3/6 + 3*j**2/2 + 4*j. Let a(s) be the first derivative of w(s). Let c be (-5 - (-20)/5)/1. Calculate a(c).
3
Let d(q) be the first derivative of -q**5/120 - q**4/12 - 4*q**3 - 6. Let x(z) be the third derivative of d(z). Determine x(8).
-10
Let o(q) be the first derivative of -q**2/2 - q + 1. Let z(y) = 3*y + 7. Let b(t) = -6*o(t) - z(t). Suppose -p - 5*f = -3*f - 1, 0 = p + f - 1. What is b(p)?
2
Let r(k) be the first derivative of 4*k**2 - k + 1. Suppose 38*g = 14*g - 24. What is r(g)?
-9
Let p(f) = f**2 + 4*f + 4. Let s be p(-3). Let z(g) = -s + g**3 - 196*g - 6*g**2 + 203*g - 3. What is z(5)?
6
Let v(q) = -2*q**3 + q**2 + 4*q. Let z be v(2). Let y(l) = -2*l**2 - 4*l - 3. Determine y(z).
-19
Let q(j) = j**3 + 4*j**2 - 2*j + 5. Suppose -3*u - 14 + 251 = -3*m, -3*m - 217 = u. Let y = -78 - m. Calculate q(y).
13
Let q(m) = m - 4. Let y = -4 - -11. Let k be q(y). Suppose k*x = -x - 8. Let w(n) = -2*n**3 - 4*n**2 - 2*n + 2. Determine w(x).
6
Let r be (952/21)/8 - (-2)/(-3). Let y be (-6)/4 - r/(-2) - 0. Let w(d) = 6*d. Give w(y).
6
Let o(c) = -1 + 2 - 3 + c. Suppose 8*r - 72 = 4*r. Suppose -r = b - 21. Determine o(b).
1
Let z = -126 + 125. Let m be ((z - 8) + 3)/(6/4). Let y(r) = -2*r**2 - 2*r + 4. Determine y(m).
-20
Suppose 12 = -4*d, 2*d - 19 = -p + 6*d. Let z(c) = 2 + 7 - 1 + 3*c**2 - p. Give z(1).
4
Let j(m) = 20*m**3 - m**2 - 15*m**3 + 15*m - 1 - 16*m. Calculate j(-1).
-6
Let o(x) = 11*x - 15. Let r be o(1). Let g(i) = 3*i + 9. Give g(r).
-3
Let b be (-1 - 3*-3) + 2. Let i(f) = -7*f**2 + 13*f - 7. Let r(y) = -9*y**2 + 14*y - 8. Let u(o) = 4*i(o) - 3*r(o). Calculate u(b).
-4
Let r(w) = -w**3 - 5*w**2 + 3*w + 3. Suppose -5*z - 10 = -5*x, -2*x + 14 + 0 = -4*z. Give r(z).
-12
Let b(c) = -88*c**2 + 2 + 15*c**2 + 34*c**2 + 36*c**2 + c. What is b(-1)?
-2
Let q(v) be the third derivative of -v**6/360 - v**5/30 + v**4/6 - 3*v**3/2 + 9*v**2. Let y(k) be the first derivative of q(k). Let t = -9 - -4. Give y(t).
-1
Let l(m) be the second derivative of m**5/20 - 5*m**4/12 + m**3/6 + m**2 + 115*m. Give l(5).
7
Let h(u) = u - 6. Suppose -3*a = -5*x - 7, -x + 24 = -5*a - 1. Let b be 54/90 - a/(-10). Calculate h(b).
-6
Suppose 35*m - 165 = 2*m. Let c(z) be the first derivative of -z**3/3 + 3*z**2 + 4*z - 1. What is c(m)?
9
Let a be 4/10 + ((-12)/5 - -4). Let j(v) = -8*v + 0*v + 9*v - v**2 - v**a. What is j(3)?
-15
Let d(y) = -2*y**2 + 16*y + 10. Let m(g) = 11*g + 51. Let t be m(-4). Determine d(t).
24
Let v(g) = -g**3 - 6*g**2 + g + 4. Let h = -1860 - -1854. Calculate v(h).
-2
Let x(j) = j**3 - 6*j**2 + j. Let q be x(7). Let y be (-4)/(-10) + q/10. Let m = 6 - y. Let f(r) = r**3 - r - 9. What is f(m)?
-9
Let n(b) = -b**3 - b. Let x(o) be the first derivative of -o**3/3 - 7*o**2 + 34*o + 20. Let z be x(-16). Calculate n(z).
-10
Suppose -5 = 46*i - 51*i. Suppose 6*h - 2*h = 0, -i = f - h. Let c(a) = 6*a**3 + a**2 + a. Give c(f).
-6
Let f(v) = v - 4. Let r(u) = 6*u - 11. Let a(l) = f(l) - r(l). What is a(6)?
-23
Let a(t) = 3*t + 2. Let c(s) = -s - 1. Let f(m) = a(m) - 7*c(m). Give f(-6).
-51
Let h = -27 + 39. Let x be (2 + 6/(-8))/((-3)/h). Let k(v) be the first derivative of v**4/4 + 5*v**3/3 - v**2/2 - 7*v - 1. Calculate k(x).
-2
Let q(a) be the second derivative of -a**5/20 - 3*a**4/4 - 2*a**3 - 11*a**2/2 + 132*a. Determine q(-8).
21
Let w(z) = -z**3 + 3*z**2 + 6*z - 1. Let u be (-2 + (0 - 2))*(-7)/4. Suppose -5*q - 7 = -3*m, -4*m = -u*m - q + 13. What is w(m)?
7
Let v(u) be the second derivative of -u**5/20 + u**4/3 + 5*u**3/6 - 3*u**2/2 + 31*u - 2. Determine v(5).
-3
Suppose -2*d + 5*d - 12 = 0. Let g(k) = -d*k + 3*k**2 - 6 - 4*k**2 - 1. Let h(b) = -3*b**2 - 12*b - 20. Let t(m) = 17*g(m) - 6*h(m). What is t(-2)?
-3
Let p(h) = -4*h**2 + 12*h - 9. Let g(t) = 11*t**2 - 35*t + 26. Let s(u) = -3*g(u) - 8*p(u). Let m be 1 + 0 + (-30)/(-5). Determine s(m).
8
Let l(w) = w**3 - 2*w**2 + 2*w + 3. Suppose -20*u + 133 - 73 = 0. What is l(u)?
18
Let d(f) = -f**2 - 4*f - 8. Suppose 5*k + 22 = -4*q + 6*q, 3*q - 15 = 3*k. Determine d(k).
-8
Let v(n) = -4 + 15*n**3 - 11*n**2 - 9*n**3 - 7*n**3 + 12*n. Give v(-12).
-4
Let i(a) = -a**3 - 4*a**2 - 2*a + 4. Suppose 0*b = 2*b + 2. Let x be (2/(-4))/(6/(-12)). Let y be x*b*(-8)/(-2). What is i(y)?
12
Let i(f) = -3*f - 44 - 30 + 88. Determine i(-5).
29
Let l be -2 + (-3 - 2) + 1. Let z(x) be the second derivative of -x**4/24 - x**3/6 + 3*x**2/2 - 5*x. Let s(j) be the first derivative of z(j). Determine s(l).
5
Let k = -124 - -89. Let i be 2/(-2) - 3/(-9)*-87. Let o = k - i. Let v(m) = m**3 + 4*m**2 - 6*m + 1. What is v(o)?
6
Let r(u) = -u - 4. Let l be 8 + 6*21/(-14). Give r(l).
-3
Let a be (6/24)/((-1)/(-9 - -1)). Let l(d) = 2*d - 1. Calculate l(a).
3
Let p(t) = -4*t**3 + t**2 - 1. Suppose 0 = 6*c + 4 + 2. Let w be p(c). Suppose -i = w*u, -3*i - 13 + 0 = -u. Let o(h) = h**3 + 2*h**2 - 5*h - 5. Calculate o(i).
-17
Let a = 18 - 18. Let s(k) = a*k - k**2 - 3*k**3 + k + 11 + 4*k**3 - 1. Calculate s(0).
10
Suppose 0 = -12*a + 11*a. Let n(k) = 15*k + a + 4*k**2 - 11*k + 4 + k**3. What is n(-3)?
1
Let f(j) = j**2 + j - 70. Let d be f(-8). Let v(l) = -l**3 - 15*l**2 - 14*l + 5. What is v(d)?
5
Let r(n) be the second derivative of -n**4/12 + 2*n**3/3 + n**2 + 3*n + 5. Determine r(4).
2
Let a(g) = -g**3 + 26*g**2 + 2*g - 45. Let m be a(26). Let n(d) = -d + 2. Determine n(m).
-5
Let r(h) be the third derivative of h**5/30 - 11*h**4/8 - 2*h**3 - 2*h**2 + 1. Let o be r(17). Let f(b) = -b**2 + 5*b - 6. Calculate f(o).
-6
Let h(v) be the second derivative of -v**5/2 - v**4/6 - v**3/3 - v**2/2 + 18*v. Give h(-1).
9
Let a(y) be the first derivative of -y**3/3 - 3*y**2/2 - y - 42. Determine a(-2).
1
Let b be (-3 + 6/(-2))/(-1). Let t = 10 - b. Let r = -8 + t. Let g(a) = 3*a + 5. Give g(r).
-7
Let b(y) = y**3 + 6*y**2 + 6*y + 1. Let x(f) = f**3 - 2*f - 4. Let z be x(-3). Let w be (8/(-20))/(5/z). Let l be 63/(-7) + 8/w. Calculate b(l).
-4
Let c(x) = -x**3 - 6*x**2 - 2*x - 3. Let q be (((-28)/(-5))/2)/(26/65). Let k be q/(-49) - 2/(-14) - 6. Give c(k).
9
Let a(z) = 3*z - 5*z + 3*z. Let w(b) = b**3 - 17*b**2 + 27*b - 34. Let d be w(15). Let o = 85 + d. What is a(o)?
6
Let d(a) = a**3 + 13*a**2 - 31*a - 16. Let p be (-15)/((-150)/(-80)) - 7. Calculate d(p).
-1
Let f(m) = -2*m**2 + m + 1. Let z = -1192 - -1198. Give f(z).
-65
Let y(j) = -43*j**2 - 44*j**2 + 86*j**2 + 5*j - 5. Let q(o) be the third derivative of -o**4/24 + 7*o**3/3 - 2*o**2. Let d be q(9). Give y(d).
-5
Let q(z) = z**2 - 5*z - 3. Let u(x) = 357 - 180 + x**2 - 180 - 5*x. Let g(o) = 3*q(o) - 2*u(o). What is g(6)?
3
Let o(y) = -24*y**2 - 1. Suppose 3*r = -2*q - 0 - 1, 2*r - 4*q - 10 = 0. Determine o(r).
-25
Let w(r) = -r + 7. Let i(s) = -s**3 + 5*s**2 + 2*s - 8. Let m be i(5). Suppose -y + 1 = 2*v - 9, -m*y = 5*v - 25. Determine w(v).
2
Let w(v) = -2*v**3 + 39*v**2 + 20*v + 2. Let i be w(20). Let u(a) be the second derivative of 2*a**i + 1/2*a**3 + 0 + 5*a - 1/12*a**4. Determine u(5).
-6
Suppose 3*t - 15 = 3. Let s(u) = -21 + t*u + 12 + 14. What is s(-4)?
-19
Suppose 0*o + 4*o - 2*k + 24 = 0, -4*o = -3*k + 22. Let p = -2 - o. Let n(c) = -2*c**2 + 8 + 4*c + 11 + c**2 - 12. Determine n(p).
2
Let l(x) = -x**3 + x**2 - 16*x + 12. Let m(c) = -c**3 - 14*c + 11. Let k(p) = 6*l(p) - 7*m(p). Suppose i + 20 = -4*i. What is k(i)?
19
Let g(q) be the third derivative of q**4/24 + q**3 - 4*q**2. Let r(j) = -j**2 + 2*j - 3. Let b be 1 - -4 - 4 - -2. Let s be r(b). Determine g(s).
0
Let s be (-1)/3 - 371/21. Let z be (s*2/(-21))/((-4)/(-14)). Let v(m) = -2*m + 5. Calculate v(z).
-7
Let v = -14 + -22. Let n = 45 + v. Let x(c) = -2*c + 10. Calcula